{"version":"1.0","provider_name":"Memorijalni centar Faust Vran\u010di\u0107","provider_url":"https:\/\/mc-faustvrancic.com\/en","author_name":"admin","author_url":"https:\/\/mc-faustvrancic.com\/en\/author\/admin\/","title":"Predstavljanje knjige Jadrankine pri\u010de, ponedjeljak 7.8. - Memorijalni centar Faust Vran\u010di\u0107","type":"rich","width":600,"height":338,"html":"<blockquote class=\"wp-embedded-content\" data-secret=\"obXomauECk\"><a href=\"https:\/\/mc-faustvrancic.com\/en\/2024\/06\/18\/predstavljanje-knjige-jadrankine-price-ponedjeljak-7-8\/\">Predstavljanje knjige Jadrankine pri\u010de, ponedjeljak 7.8.<\/a><\/blockquote><iframe sandbox=\"allow-scripts\" security=\"restricted\" src=\"https:\/\/mc-faustvrancic.com\/en\/2024\/06\/18\/predstavljanje-knjige-jadrankine-price-ponedjeljak-7-8\/embed\/#?secret=obXomauECk\" width=\"600\" height=\"338\" title=\"&#8220;Predstavljanje knjige Jadrankine pri\u010de, ponedjeljak 7.8.&#8221; &#8212; Memorijalni centar Faust Vran\u010di\u0107\" data-secret=\"obXomauECk\" frameborder=\"0\" marginwidth=\"0\" marginheight=\"0\" scrolling=\"no\" class=\"wp-embedded-content\"><\/iframe><script>\n\/*! This file is auto-generated *\/\n!function(d,l){\"use strict\";l.querySelector&&d.addEventListener&&\"undefined\"!=typeof URL&&(d.wp=d.wp||{},d.wp.receiveEmbedMessage||(d.wp.receiveEmbedMessage=function(e){var t=e.data;if((t||t.secret||t.message||t.value)&&!\/[^a-zA-Z0-9]\/.test(t.secret)){for(var s,r,n,a=l.querySelectorAll('iframe[data-secret=\"'+t.secret+'\"]'),o=l.querySelectorAll('blockquote[data-secret=\"'+t.secret+'\"]'),c=new RegExp(\"^https?:$\",\"i\"),i=0;i<o.length;i++)o[i].style.display=\"none\";for(i=0;i<a.length;i++)s=a[i],e.source===s.contentWindow&&(s.removeAttribute(\"style\"),\"height\"===t.message?(1e3<(r=parseInt(t.value,10))?r=1e3:~~r<200&&(r=200),s.height=r):\"link\"===t.message&&(r=new URL(s.getAttribute(\"src\")),n=new URL(t.value),c.test(n.protocol))&&n.host===r.host&&l.activeElement===s&&(d.top.location.href=t.value))}},d.addEventListener(\"message\",d.wp.receiveEmbedMessage,!1),l.addEventListener(\"DOMContentLoaded\",function(){for(var e,t,s=l.querySelectorAll(\"iframe.wp-embedded-content\"),r=0;r<s.length;r++)(t=(e=s[r]).getAttribute(\"data-secret\"))||(t=Math.random().toString(36).substring(2,12),e.src+=\"#?secret=\"+t,e.setAttribute(\"data-secret\",t)),e.contentWindow.postMessage({message:\"ready\",secret:t},\"*\")},!1)))}(window,document);\n\/\/# sourceURL=https:\/\/mc-faustvrancic.com\/wp-includes\/js\/wp-embed.min.js\n<\/script>","thumbnail_url":"https:\/\/mc-faustvrancic.com\/wp-content\/uploads\/2024\/06\/knjiga-faust-prvic.jpg","thumbnail_width":1080,"thumbnail_height":1440,"description":"U sklopu Prvinskog kulturnog lita koje organiziramo u suradnji s Mjesnim odborom Prvi\u0107 Luka, Udrugom Otok i SRK Botnica pripremili smo nekoliko doga\u0111anja. Prvo od njih, predstavljanje knjige Vesne Rodin Kobe\u0161\u0107ak Jadrankine pri\u010de, odr\u017eat \u0107e se u ponedjeljak, 7. kolovoza, s po\u010detkom u 19 h. Sve koji su tog dana na otoku pozivamo da nam [&hellip;]"}

Memorijalni centar Faust Vrančić

Predstavljanje knjige Jadrankine priče, ponedjeljak 7.8. - Memorijalni centar Faust Vrančić

<blockquote class="wp-embedded-content" data-secret="obXomauECk"><a href="https://mc-faustvrancic.com/en/2024/06/18/predstavljanje-knjige-jadrankine-price-ponedjeljak-7-8/">Predstavljanje knjige Jadrankine priče, ponedjeljak 7.8.</a></blockquote><iframe sandbox="allow-scripts" security="restricted" src="https://mc-faustvrancic.com/en/2024/06/18/predstavljanje-knjige-jadrankine-price-ponedjeljak-7-8/embed/#?secret=obXomauECk" width="600" height="338" title="&#8220;Predstavljanje knjige Jadrankine priče, ponedjeljak 7.8.&#8221; &#8212; Memorijalni centar Faust Vrančić" data-secret="obXomauECk" frameborder="0" marginwidth="0" marginheight="0" scrolling="no" class="wp-embedded-content"></iframe><script>
/*! This file is auto-generated */
!function(d,l){"use strict";l.querySelector&&d.addEventListener&&"undefined"!=typeof URL&&(d.wp=d.wp||{},d.wp.receiveEmbedMessage||(d.wp.receiveEmbedMessage=function(e){var t=e.data;if((t||t.secret||t.message||t.value)&&!/[^a-zA-Z0-9]/.test(t.secret)){for(var s,r,n,a=l.querySelectorAll('iframe[data-secret="'+t.secret+'"]'),o=l.querySelectorAll('blockquote[data-secret="'+t.secret+'"]'),c=new RegExp("^https?:$","i"),i=0;i<o.length;i++)o[i].style.display="none";for(i=0;i<a.length;i++)s=a[i],e.source===s.contentWindow&&(s.removeAttribute("style"),"height"===t.message?(1e3<(r=parseInt(t.value,10))?r=1e3:~~r<200&&(r=200),s.height=r):"link"===t.message&&(r=new URL(s.getAttribute("src")),n=new URL(t.value),c.test(n.protocol))&&n.host===r.host&&l.activeElement===s&&(d.top.location.href=t.value))}},d.addEventListener("message",d.wp.receiveEmbedMessage,!1),l.addEventListener("DOMContentLoaded",function(){for(var e,t,s=l.querySelectorAll("iframe.wp-embedded-content"),r=0;r<s.length;r++)(t=(e=s[r]).getAttribute("data-secret"))||(t=Math.random().toString(36).substring(2,12),e.src+="#?secret="+t,e.setAttribute("data-secret",t)),e.contentWindow.postMessage({message:"ready",secret:t},"*")},!1)))}(window,document);
//# sourceURL=https://mc-faustvrancic.com/wp-includes/js/wp-embed.min.js
</script>

U sklopu Prvinskog kulturnog lita koje organiziramo u suradnji s Mjesnim odborom Prvić Luka, Udrugom Otok i SRK Botnica pripremili smo nekoliko događanja. Prvo od njih, predstavljanje knjige Vesne Rodin Kobešćak Jadrankine priče, održat će se u ponedjeljak, 7. kolovoza, s početkom u 19 h. Sve koji su tog dana na otoku pozivamo da nam [&hellip;]
